{"id":566,"date":"2023-02-10T11:25:04","date_gmt":"2023-02-10T11:25:04","guid":{"rendered":"https:\/\/zip42lab.com\/lcq\/?page_id=566"},"modified":"2023-05-23T09:11:16","modified_gmt":"2023-05-23T09:11:16","slug":"executive-training","status":"publish","type":"page","link":"https:\/\/www.leadershipcq.com\/fr\/executive-training\/","title":{"rendered":"Executive Training"},"content":{"rendered":"<p>[et_pb_section fb_built=&#8221;1&#8243; admin_label=&#8221;Feature Section&#8221; _builder_version=&#8221;4.19.5&#8243; background_enable_color=&#8221;off&#8221; background_enable_image=&#8221;off&#8221; custom_padding=&#8221;22px||13px||false|false&#8221; global_colors_info=&#8221;{}&#8221;][et_pb_row column_structure=&#8221;1_2,1_2&#8243; make_equal=&#8221;on&#8221; _builder_version=&#8221;4.19.5&#8243; _module_preset=&#8221;default&#8221; custom_margin=&#8221;-4px|auto||auto||&#8221; custom_padding=&#8221;7px||4px|||&#8221; animation_style=&#8221;slide&#8221; animation_direction=&#8221;right&#8221; global_colors_info=&#8221;{}&#8221;][et_pb_column type=&#8221;1_2&#8243; module_class=&#8221;navihm_why&#8221; _builder_version=&#8221;4.19.5&#8243; _module_preset=&#8221;default&#8221; global_colors_info=&#8221;{}&#8221;][et_pb_text _builder_version=&#8221;4.20.0&#8243; _module_preset=&#8221;default&#8221; text_text_color=&#8221;#000000&#8243; global_colors_info=&#8221;{}&#8221;]<\/p>\n<h1>FORMATION EXECUTIVE<\/h1>\n<p>[\/et_pb_text][\/et_pb_column][et_pb_column type=&#8221;1_2&#8243; _builder_version=&#8221;4.19.5&#8243; _module_preset=&#8221;default&#8221; global_colors_info=&#8221;{}&#8221;][et_pb_image src=&#8221;https:\/\/zip42lab.com\/lcq-new\/wp-content\/uploads\/2023\/02\/download.png&#8221; title_text=&#8221;download&#8221; align=&#8221;center&#8221; _builder_version=&#8221;4.19.5&#8243; _module_preset=&#8221;default&#8221; custom_padding=&#8221;0px|||||&#8221; global_colors_info=&#8221;{}&#8221;][\/et_pb_image][\/et_pb_column][\/et_pb_row][\/et_pb_section][et_pb_section fb_built=&#8221;1&#8243; admin_label=&#8221;Feature Section&#8221; _builder_version=&#8221;4.19.5&#8243; background_enable_color=&#8221;off&#8221; background_enable_image=&#8221;off&#8221; custom_margin=&#8221;-5px|||||&#8221; custom_padding=&#8221;9px||13px||false|false&#8221; global_colors_info=&#8221;{}&#8221;][et_pb_row make_equal=&#8221;on&#8221; _builder_version=&#8221;4.19.5&#8243; _module_preset=&#8221;default&#8221; custom_padding=&#8221;14px||12px|||&#8221; animation_style=&#8221;zoom&#8221; global_colors_info=&#8221;{}&#8221;][et_pb_column type=&#8221;4_4&#8243; _builder_version=&#8221;4.19.5&#8243; _module_preset=&#8221;default&#8221; global_colors_info=&#8221;{}&#8221;][et_pb_text _builder_version=&#8221;4.20.0&#8243; _module_preset=&#8221;default&#8221; text_text_color=&#8221;#000000&#8243; global_colors_info=&#8221;{}&#8221;]<\/p>\n<div class=\"findMore\">\n<h3>Objectifs<\/h3>\n<p>L&#8217;objectif de notre formation est un changement de comportement vers un leadership inclusif d\u00e9lib\u00e9r\u00e9. Le contenu est bas\u00e9 sur nos recherches scientifiques et plus de 250 interviews de dirigeants. Nous utilisons la m\u00e9thodologie d&#8217;apprentissage par l&#8217;exp\u00e9rience et fournissons un programme de suivi de 12 semaines pour assurer un changement durable.<\/p>\n<h3>\u200bPublic cible<\/h3>\n<p>Les managers qui souhaitent acqu\u00e9rir de nouvelles comp\u00e9tences sur la Diversit\u00e9 et l&#8217;Inclusion.<\/p>\n<p>Les \u00e9quipes de direction.<\/p>\n<h2>S\u00e9minaires<\/h2>\n<h3>S\u00e9minaire #1: De l&#8217;exclusion accidentelle \u00e0 l&#8217;inclusion d\u00e9lib\u00e9r\u00e9e<\/h3>\n<ul>\n<li>5 min \u2013 Le chef d&#8217;\u00e9quipe pr\u00e9sente le Dr Vanessa Barros, Am\u00e9lie Devaux et le s\u00e9minaire.<\/li>\n<li>50 min &#8211; Pr\u00e9sentation par les animateurs de la richesse de la diversit\u00e9 et de la n\u00e9cessit\u00e9 de l&#8217;inclusion pour tirer parti de tout son potentiel. Pr\u00e9sentation de la fa\u00e7on dont notre cerveau &#8220;narratif&#8221; est c\u00e2bl\u00e9 pour appr\u00e9hender tout ce qui est diff\u00e9rent et de la fa\u00e7on dont nous devons exercer notre cerveau &#8220;exp\u00e9rimental&#8221; pour \u00e9viter les st\u00e9r\u00e9otypes, les jugements et les pr\u00e9jug\u00e9s. Si nous n&#8217;incluons pas d\u00e9lib\u00e9r\u00e9ment, nous excluons accidentellement. Introduction \u00e0 des outils inclusifs simples pour g\u00e9rer la diversit\u00e9 de mani\u00e8re harmonieuse. Utilisation de menti.com comme outil d&#8217;interaction.<\/li>\n<li>30 min &#8211; Q&amp;A &#8211; Interaction avec les participants sur leurs exp\u00e9riences et leurs points de vue.<\/li>\n<li>5 min &#8211; Remarques de cl\u00f4ture du chef d&#8217;\u00e9quipe.<\/li>\n<\/ul>\n<h3>S\u00e9minaire #2: Leadership inclusif &#8211; ACE &#8211; une grammaire pour l&#8217;inclusion<\/h3>\n<ul>\n<li>5 min &#8211; Le chef d&#8217;\u00e9quipe pr\u00e9sente le Dr Vanessa Barros, Am\u00e9lie Devaux et le s\u00e9minaire.<\/li>\n<li>50 min &#8211; Pr\u00e9sentation du Dr Vanessa Barros, rappelant que l&#8217;inclusion est une source de profit, introduisant le professionnalisme en tant que &#8220;non&#8221; norme, et r\u00e9sumant le cadre ACE pour la r\u00e9solution des conflits interculturels (ACE \u00e9tant la grammaire pour une inclusion efficace). Nous aimerions utiliser menti.com comme outil d&#8217;interaction.<\/li>\n<li>30 min &#8211; Q&amp;A &#8211; Interaction avec les participants sur leurs exp\u00e9riences et leurs points de vue.<\/li>\n<li>5 min &#8211; Remarques de cl\u00f4ture du chef d&#8217;\u00e9quipe.<\/li>\n<\/ul>\n<h3>S\u00e9minaire #3: L&#8217;intelligence culturelle<\/h3>\n<ul>\n<li>5 min &#8211; Le chef d&#8217;\u00e9quipe pr\u00e9sente le Dr Vanessa Barros, Am\u00e9lie Devaux et le s\u00e9minaire.<\/li>\n<li>5min &#8211; D\u00e9finition des notions cl\u00e9s.<\/li>\n<li>50 min &#8211; Pr\u00e9sentation des outils et de la m\u00e9thode HOPES:<\/li>\n<li>Humble Enquiry<\/li>\n<li>Observation<\/li>\n<li>Perspective Taking<\/li>\n<li>Emotional Awareness<\/li>\n<li>Solidarity Building<\/li>\n<li>30 min &#8211; Q&amp;A &#8211; Interaction avec les participants sur leurs exp\u00e9riences et leurs points de vue.<\/li>\n<\/ul>\n<h3>S\u00e9minaire #4: L&#8217;inclusion lib\u00e8re l&#8217;innovation (en partenariat avec Includers)<\/h3>\n<ul>\n<li>5 min &#8211; Le chef d&#8217;\u00e9quipe pr\u00e9sente le Dr Vanessa Barros, Am\u00e9lie Devaux, Includers et le s\u00e9minaire.<\/li>\n<li>50 min &#8211; Pr\u00e9sentation du Dr Vanessa Barros avec les experts en innovation Includers, fournissant des strat\u00e9gies pratiques pour lib\u00e9rer l&#8217;innovation et transformer l&#8217;id\u00e9ation en cr\u00e9ation de VALEUR. Au-del\u00e0 de la technologie, l&#8217;innovation concerne les personnes et leurs interactions sociales. Nous fournissons des conseils pour s&#8217;assurer que l&#8217;inclusion fait partie de toutes les \u00e9tapes du processus d&#8217;innovation (connaissance, id\u00e9ation et conversion) afin de lib\u00e9rer tout son potentiel de valeur.<\/li>\n<li>30 min &#8211; Q&amp;A &#8211; Interaction avec les participants sur leurs exp\u00e9riences et leurs points de vue.<\/li>\n<li>5 min &#8211; Remarques de cl\u00f4ture du chef d&#8217;\u00e9quipe.<\/li>\n<\/ul>\n<h3>S\u00e9minaire #5: Micro Agressions<\/h3>\n<ul>\n<li>5 min &#8211; Le chef d&#8217;\u00e9quipe pr\u00e9sente le Dr Vanessa Barros, Am\u00e9lie Devaux, et le s\u00e9minaire.<\/li>\n<li>5 min &#8211; Le Dr Vanessa Barros commence avec un questionnaire interactif Menti.<\/li>\n<li>5 min &#8211; D\u00e9finition de micro-agression.<\/li>\n<li>10 min &#8211; Nuances et effets n\u00e9fastes de la micro agression.<\/li>\n<li>10 min &#8211; Strat\u00e9gies \u00e0 l&#8217;\u00e9gard des t\u00e9moins.<\/li>\n<li>10 min &#8211; Cas<\/li>\n<li>30 min &#8211; Q&amp;A &#8211; Interaction avec les participants sur leurs exp\u00e9riences et leurs points de vue.<\/li>\n<\/ul>\n<h3>S\u00e9minaire #6: Recrutement Inclusif<\/h3>\n<ul>\n<li>5 min &#8211; Le chef d&#8217;\u00e9quipe pr\u00e9sente le Dr Vanessa Barros, Am\u00e9lie Devaux, et le s\u00e9minaire.<\/li>\n<li>5 min &#8211; D\u00e9finition des notions cl\u00e9s.<\/li>\n<li>50 min &#8211; Pr\u00e9sentation des 4 Cs:<\/li>\n<li>Curiosit\u00e9 : Enrichir le panel de candidats<\/li>\n<li>Candeur : S\u00e9lection impartiale des CV<\/li>\n<li>Courtoisie : Entretien inclusif<\/li>\n<li>Courage : Embaucher et former une main-d&#8217;\u0153uvre plus diversifi\u00e9e<\/li>\n<li>30 min &#8211; Q&amp;A &#8211; Interaction avec les participants sur leurs exp\u00e9riences et leurs points de vue.<\/li>\n<\/ul>\n<h3>Proposition financi\u00e8re<\/h3>\n<p>\u200bPour recevoir notre proposition compl\u00e8te, veuillez prendre quelques instants pour remplir le formulaire ci-dessous. Vous le recevrez imm\u00e9diatement par e-mail.<\/p>\n<\/div>\n<p>[\/et_pb_text][\/et_pb_column][\/et_pb_row][\/et_pb_section][et_pb_section fb_built=&#8221;1&#8243; admin_label=&#8221;CTA Section&#8221; _builder_version=&#8221;4.19.5&#8243; background_enable_color=&#8221;off&#8221; custom_padding=&#8221;22px||40px||false|false&#8221; global_colors_info=&#8221;{}&#8221;][et_pb_row _builder_version=&#8221;4.19.5&#8243; _module_preset=&#8221;default&#8221; animation_style=&#8221;slide&#8221; animation_direction=&#8221;left&#8221; global_colors_info=&#8221;{}&#8221;][et_pb_column type=&#8221;4_4&#8243; _builder_version=&#8221;4.19.5&#8243; _module_preset=&#8221;default&#8221; global_colors_info=&#8221;{}&#8221;][et_pb_code _builder_version=&#8221;4.19.5&#8243; _module_preset=&#8221;default&#8221; global_colors_info=&#8221;{}&#8221;]\n<div class=\"wpcf7 no-js\" id=\"wpcf7-f548-o1\" lang=\"en-US\" dir=\"ltr\" data-wpcf7-id=\"548\">\n<div class=\"screen-reader-response\"><p role=\"status\" aria-live=\"polite\" aria-atomic=\"true\"><\/p> <ul><\/ul><\/div>\n<form action=\"\/fr\/wp-json\/wp\/v2\/pages\/566#wpcf7-f548-o1\" method=\"post\" class=\"wpcf7-form init\" aria-label=\"Contact form\" novalidate=\"novalidate\" data-status=\"init\">\n<div style=\"display: none;\">\n<input type=\"hidden\" name=\"_wpcf7\" value=\"548\" \/>\n<input type=\"hidden\" name=\"_wpcf7_version\" value=\"6.0.6\" \/>\n<input type=\"hidden\" name=\"_wpcf7_locale\" value=\"en_US\" \/>\n<input type=\"hidden\" name=\"_wpcf7_unit_tag\" value=\"wpcf7-f548-o1\" \/>\n<input type=\"hidden\" name=\"_wpcf7_container_post\" value=\"0\" \/>\n<input type=\"hidden\" name=\"_wpcf7_posted_data_hash\" value=\"\" \/>\n<\/div>\n<div class=\"navi_contpage\">\n\t<p><span class=\"wpcf7-form-control-wrap\" data-name=\"email-315\"><input size=\"40\" maxlength=\"400\" class=\"wpcf7-form-control wpcf7-email wpcf7-validates-as-required wpcf7-text wpcf7-validates-as-email\" aria-required=\"true\" aria-invalid=\"false\" placeholder=\"Email*\" value=\"\" type=\"email\" name=\"email-315\" \/><\/span>\n\t<\/p>\n\t<p><span class=\"wpcf7-form-control-wrap\" data-name=\"text-132\"><input size=\"40\" maxlength=\"400\" class=\"wpcf7-form-control wpcf7-text wpcf7-validates-as-required\" aria-required=\"true\" aria-invalid=\"false\" placeholder=\"First Name*\" value=\"\" type=\"text\" name=\"text-132\" \/><\/span>\n\t<\/p>\n\t<p><span class=\"wpcf7-form-control-wrap\" data-name=\"text-875\"><input size=\"40\" maxlength=\"400\" class=\"wpcf7-form-control wpcf7-text wpcf7-validates-as-required\" aria-required=\"true\" aria-invalid=\"false\" placeholder=\"Last Name*\" value=\"\" type=\"text\" name=\"text-875\" \/><\/span>\n\t<\/p>\n\t<p><span class=\"wpcf7-form-control-wrap\" data-name=\"text-714\"><input size=\"40\" maxlength=\"400\" class=\"wpcf7-form-control wpcf7-text wpcf7-validates-as-required\" aria-required=\"true\" aria-invalid=\"false\" placeholder=\"Company Name*\" value=\"\" type=\"text\" name=\"text-714\" \/><\/span>\n\t<\/p>\n\t<p><input class=\"wpcf7-form-control wpcf7-submit has-spinner\" type=\"submit\" value=\"SUBMIT\" \/>\n\t<\/p>\n<\/div><div class=\"wpcf7-response-output\" aria-hidden=\"true\"><\/div>\n<\/form>\n<\/div>\n[\/et_pb_code][\/et_pb_column][\/et_pb_row][\/et_pb_section]<\/p>\n","protected":false},"excerpt":{"rendered":"<p>FORMATION EXECUTIVE Objectifs L&#8217;objectif de notre formation est un changement de comportement vers un leadership inclusif d\u00e9lib\u00e9r\u00e9. Le contenu est bas\u00e9 sur nos recherches scientifiques et plus de 250 interviews de dirigeants. Nous utilisons la m\u00e9thodologie d&#8217;apprentissage par l&#8217;exp\u00e9rience et fournissons un programme de suivi de 12 semaines pour assurer un changement durable. \u200bPublic cible [&hellip;]<\/p>\n","protected":false},"author":1,"featured_media":0,"parent":0,"menu_order":0,"comment_status":"closed","ping_status":"closed","template":"","meta":{"_et_pb_use_builder":"on","_et_pb_old_content":"<!-- wp:divi\/placeholder \/-->","_et_gb_content_width":"","footnotes":""},"class_list":["post-566","page","type-page","status-publish","hentry"],"_links":{"self":[{"href":"https:\/\/www.leadershipcq.com\/fr\/wp-json\/wp\/v2\/pages\/566","targetHints":{"allow":["GET"]}}],"collection":[{"href":"https:\/\/www.leadershipcq.com\/fr\/wp-json\/wp\/v2\/pages"}],"about":[{"href":"https:\/\/www.leadershipcq.com\/fr\/wp-json\/wp\/v2\/types\/page"}],"author":[{"embeddable":true,"href":"https:\/\/www.leadershipcq.com\/fr\/wp-json\/wp\/v2\/users\/1"}],"replies":[{"embeddable":true,"href":"https:\/\/www.leadershipcq.com\/fr\/wp-json\/wp\/v2\/comments?post=566"}],"version-history":[{"count":11,"href":"https:\/\/www.leadershipcq.com\/fr\/wp-json\/wp\/v2\/pages\/566\/revisions"}],"predecessor-version":[{"id":1611,"href":"https:\/\/www.leadershipcq.com\/fr\/wp-json\/wp\/v2\/pages\/566\/revisions\/1611"}],"wp:attachment":[{"href":"https:\/\/www.leadershipcq.com\/fr\/wp-json\/wp\/v2\/media?parent=566"}],"curies":[{"name":"wp","href":"https:\/\/api.w.org\/{rel}","templated":true}]}}

<p>[et_pb_section fb_built=&#8221;1&#8243; admin_label=&#8221;Feature Section&#8221; _builder_version=&#8221;4.19.5&#8243; background_enable_color=&#8221;off&#8221; background_enable_image=&#8221;off&#8221; custom_padding=&#8221;22px||13px||false|false&#8221; global_colors_info=&#8221;{}&#8221;][et_pb_row column_structure=&#8221;1_2,1_2&#8243; make_equal=&#8221;on&#8221; _builder_version=&#8221;4.19.5&#8243; _module_preset=&#8221;default&#8221; custom_margin=&#8221;-4px|auto||auto||&#8221; custom_padding=&#8221;7px||4px|||&#8221; animation_style=&#8221;slide&#8221; animation_direction=&#8221;right&#8221; global_colors_info=&#8221;{}&#8221;][et_pb_column type=&#8221;1_2&#8243; module_class=&#8221;navihm_why&#8221; _builder_version=&#8221;4.19.5&#8243; _module_preset=&#8221;default&#8221; global_colors_info=&#8221;{}&#8221;][et_pb_text _builder_version=&#8221;4.20.0&#8243; _module_preset=&#8221;default&#8221; text_text_color=&#8221;#000000&#8243; global_colors_info=&#8221;{}&#8221;]</p>
<h1>FORMATION EXECUTIVE</h1>
<p>[/et_pb_text][/et_pb_column][et_pb_column type=&#8221;1_2&#8243; _builder_version=&#8221;4.19.5&#8243; _module_preset=&#8221;default&#8221; global_colors_info=&#8221;{}&#8221;][et_pb_image src=&#8221;https://zip42lab.com/lcq-new/wp-content/uploads/2023/02/download.png&#8221; title_text=&#8221;download&#8221; align=&#8221;center&#8221; _builder_version=&#8221;4.19.5&#8243; _module_preset=&#8221;default&#8221; custom_padding=&#8221;0px|||||&#8221; global_colors_info=&#8221;{}&#8221;][/et_pb_image][/et_pb_column][/et_pb_row][/et_pb_section][et_pb_section fb_built=&#8221;1&#8243; admin_label=&#8221;Feature Section&#8221; _builder_version=&#8221;4.19.5&#8243; background_enable_color=&#8221;off&#8221; background_enable_image=&#8221;off&#8221; custom_margin=&#8221;-5px|||||&#8221; custom_padding=&#8221;9px||13px||false|false&#8221; global_colors_info=&#8221;{}&#8221;][et_pb_row make_equal=&#8221;on&#8221; _builder_version=&#8221;4.19.5&#8243; _module_preset=&#8221;default&#8221; custom_padding=&#8221;14px||12px|||&#8221; animation_style=&#8221;zoom&#8221; global_colors_info=&#8221;{}&#8221;][et_pb_column type=&#8221;4_4&#8243; _builder_version=&#8221;4.19.5&#8243; _module_preset=&#8221;default&#8221; global_colors_info=&#8221;{}&#8221;][et_pb_text _builder_version=&#8221;4.20.0&#8243; _module_preset=&#8221;default&#8221; text_text_color=&#8221;#000000&#8243; global_colors_info=&#8221;{}&#8221;]</p>
<div class="findMore">
<h3>Objectifs</h3>
<p>L&#8217;objectif de notre formation est un changement de comportement vers un leadership inclusif délibéré. Le contenu est basé sur nos recherches scientifiques et plus de 250 interviews de dirigeants. Nous utilisons la méthodologie d&#8217;apprentissage par l&#8217;expérience et fournissons un programme de suivi de 12 semaines pour assurer un changement durable.</p>
<h3>​Public cible</h3>
<p>Les managers qui souhaitent acquérir de nouvelles compétences sur la Diversité et l&#8217;Inclusion.</p>
<p>Les équipes de direction.</p>
<h2>Séminaires</h2>
<h3>Séminaire #1: De l&#8217;exclusion accidentelle à l&#8217;inclusion délibérée</h3>
<ul>
<li>5 min – Le chef d&#8217;équipe présente le Dr Vanessa Barros, Amélie Devaux et le séminaire.</li>
<li>50 min &#8211; Présentation par les animateurs de la richesse de la diversité et de la nécessité de l&#8217;inclusion pour tirer parti de tout son potentiel. Présentation de la façon dont notre cerveau &#8220;narratif&#8221; est câblé pour appréhender tout ce qui est différent et de la façon dont nous devons exercer notre cerveau &#8220;expérimental&#8221; pour éviter les stéréotypes, les jugements et les préjugés. Si nous n&#8217;incluons pas délibérément, nous excluons accidentellement. Introduction à des outils inclusifs simples pour gérer la diversité de manière harmonieuse. Utilisation de menti.com comme outil d&#8217;interaction.</li>
<li>30 min &#8211; Q&amp;A &#8211; Interaction avec les participants sur leurs expériences et leurs points de vue.</li>
<li>5 min &#8211; Remarques de clôture du chef d&#8217;équipe.</li>
</ul>
<h3>Séminaire #2: Leadership inclusif &#8211; ACE &#8211; une grammaire pour l&#8217;inclusion</h3>
<ul>
<li>5 min &#8211; Le chef d&#8217;équipe présente le Dr Vanessa Barros, Amélie Devaux et le séminaire.</li>
<li>50 min &#8211; Présentation du Dr Vanessa Barros, rappelant que l&#8217;inclusion est une source de profit, introduisant le professionnalisme en tant que &#8220;non&#8221; norme, et résumant le cadre ACE pour la résolution des conflits interculturels (ACE étant la grammaire pour une inclusion efficace). Nous aimerions utiliser menti.com comme outil d&#8217;interaction.</li>
<li>30 min &#8211; Q&amp;A &#8211; Interaction avec les participants sur leurs expériences et leurs points de vue.</li>
<li>5 min &#8211; Remarques de clôture du chef d&#8217;équipe.</li>
</ul>
<h3>Séminaire #3: L&#8217;intelligence culturelle</h3>
<ul>
<li>5 min &#8211; Le chef d&#8217;équipe présente le Dr Vanessa Barros, Amélie Devaux et le séminaire.</li>
<li>5min &#8211; Définition des notions clés.</li>
<li>50 min &#8211; Présentation des outils et de la méthode HOPES:</li>
<li>Humble Enquiry</li>
<li>Observation</li>
<li>Perspective Taking</li>
<li>Emotional Awareness</li>
<li>Solidarity Building</li>
<li>30 min &#8211; Q&amp;A &#8211; Interaction avec les participants sur leurs expériences et leurs points de vue.</li>
</ul>
<h3>Séminaire #4: L&#8217;inclusion libère l&#8217;innovation (en partenariat avec Includers)</h3>
<ul>
<li>5 min &#8211; Le chef d&#8217;équipe présente le Dr Vanessa Barros, Amélie Devaux, Includers et le séminaire.</li>
<li>50 min &#8211; Présentation du Dr Vanessa Barros avec les experts en innovation Includers, fournissant des stratégies pratiques pour libérer l&#8217;innovation et transformer l&#8217;idéation en création de VALEUR. Au-delà de la technologie, l&#8217;innovation concerne les personnes et leurs interactions sociales. Nous fournissons des conseils pour s&#8217;assurer que l&#8217;inclusion fait partie de toutes les étapes du processus d&#8217;innovation (connaissance, idéation et conversion) afin de libérer tout son potentiel de valeur.</li>
<li>30 min &#8211; Q&amp;A &#8211; Interaction avec les participants sur leurs expériences et leurs points de vue.</li>
<li>5 min &#8211; Remarques de clôture du chef d&#8217;équipe.</li>
</ul>
<h3>Séminaire #5: Micro Agressions</h3>
<ul>
<li>5 min &#8211; Le chef d&#8217;équipe présente le Dr Vanessa Barros, Amélie Devaux, et le séminaire.</li>
<li>5 min &#8211; Le Dr Vanessa Barros commence avec un questionnaire interactif Menti.</li>
<li>5 min &#8211; Définition de micro-agression.</li>
<li>10 min &#8211; Nuances et effets néfastes de la micro agression.</li>
<li>10 min &#8211; Stratégies à l&#8217;égard des témoins.</li>
<li>10 min &#8211; Cas</li>
<li>30 min &#8211; Q&amp;A &#8211; Interaction avec les participants sur leurs expériences et leurs points de vue.</li>
</ul>
<h3>Séminaire #6: Recrutement Inclusif</h3>
<ul>
<li>5 min &#8211; Le chef d&#8217;équipe présente le Dr Vanessa Barros, Amélie Devaux, et le séminaire.</li>
<li>5 min &#8211; Définition des notions clés.</li>
<li>50 min &#8211; Présentation des 4 Cs:</li>
<li>Curiosité : Enrichir le panel de candidats</li>
<li>Candeur : Sélection impartiale des CV</li>
<li>Courtoisie : Entretien inclusif</li>
<li>Courage : Embaucher et former une main-d&#8217;œuvre plus diversifiée</li>
<li>30 min &#8211; Q&amp;A &#8211; Interaction avec les participants sur leurs expériences et leurs points de vue.</li>
</ul>
<h3>Proposition financière</h3>
<p>​Pour recevoir notre proposition complète, veuillez prendre quelques instants pour remplir le formulaire ci-dessous. Vous le recevrez immédiatement par e-mail.</p>
</div>
<p>[/et_pb_text][/et_pb_column][/et_pb_row][/et_pb_section][et_pb_section fb_built=&#8221;1&#8243; admin_label=&#8221;CTA Section&#8221; _builder_version=&#8221;4.19.5&#8243; background_enable_color=&#8221;off&#8221; custom_padding=&#8221;22px||40px||false|false&#8221; global_colors_info=&#8221;{}&#8221;][et_pb_row _builder_version=&#8221;4.19.5&#8243; _module_preset=&#8221;default&#8221; animation_style=&#8221;slide&#8221; animation_direction=&#8221;left&#8221; global_colors_info=&#8221;{}&#8221;][et_pb_column type=&#8221;4_4&#8243; _builder_version=&#8221;4.19.5&#8243; _module_preset=&#8221;default&#8221; global_colors_info=&#8221;{}&#8221;][et_pb_code _builder_version=&#8221;4.19.5&#8243; _module_preset=&#8221;default&#8221; global_colors_info=&#8221;{}&#8221;]
<div class="wpcf7 no-js" id="wpcf7-f548-o1" lang="en-US" dir="ltr" data-wpcf7-id="548">
<div class="screen-reader-response"><p role="status" aria-live="polite" aria-atomic="true"></p> <ul></ul></div>
<form action="/fr/wp-json/wp/v2/pages/566#wpcf7-f548-o1" method="post" class="wpcf7-form init" aria-label="Contact form" novalidate="novalidate" data-status="init">
<div style="display: none;">
<input type="hidden" name="_wpcf7" value="548" />
<input type="hidden" name="_wpcf7_version" value="6.0.6" />
<input type="hidden" name="_wpcf7_locale" value="en_US" />
<input type="hidden" name="_wpcf7_unit_tag" value="wpcf7-f548-o1" />
<input type="hidden" name="_wpcf7_container_post" value="0" />
<input type="hidden" name="_wpcf7_posted_data_hash" value="" />
</div>
<div class="navi_contpage">
	<p><span class="wpcf7-form-control-wrap" data-name="email-315"><input size="40" maxlength="400" class="wpcf7-form-control wpcf7-email wpcf7-validates-as-required wpcf7-text wpcf7-validates-as-email" aria-required="true" aria-invalid="false" placeholder="Email*" value="" type="email" name="email-315" /></span>
	</p>
	<p><span class="wpcf7-form-control-wrap" data-name="text-132"><input size="40" maxlength="400" class="wpcf7-form-control wpcf7-text wpcf7-validates-as-required" aria-required="true" aria-invalid="false" placeholder="First Name*" value="" type="text" name="text-132" /></span>
	</p>
	<p><span class="wpcf7-form-control-wrap" data-name="text-875"><input size="40" maxlength="400" class="wpcf7-form-control wpcf7-text wpcf7-validates-as-required" aria-required="true" aria-invalid="false" placeholder="Last Name*" value="" type="text" name="text-875" /></span>
	</p>
	<p><span class="wpcf7-form-control-wrap" data-name="text-714"><input size="40" maxlength="400" class="wpcf7-form-control wpcf7-text wpcf7-validates-as-required" aria-required="true" aria-invalid="false" placeholder="Company Name*" value="" type="text" name="text-714" /></span>
	</p>
	<p><input class="wpcf7-form-control wpcf7-submit has-spinner" type="submit" value="SUBMIT" />
	</p>
</div><div class="wpcf7-response-output" aria-hidden="true"></div>
</form>
</div>
[/et_pb_code][/et_pb_column][/et_pb_row][/et_pb_section]</p>

<p>FORMATION EXECUTIVE Objectifs L&#8217;objectif de notre formation est un changement de comportement vers un leadership inclusif délibéré. Le contenu est basé sur nos recherches scientifiques et plus de 250 interviews de dirigeants. Nous utilisons la méthodologie d&#8217;apprentissage par l&#8217;expérience et fournissons un programme de suivi de 12 semaines pour assurer un changement durable. ​Public cible [&hellip;]</p>
